x**2 - 355*x + 804. Determine b(116).
-8
Let z(n) = -13*n + 1423. Give z(108).
19
Let x(q) = -1262*q + 6398. Calculate x(5).
88
Let k(v) = v**2 + 236*v - 1996. Give k(8).
-44
Let g(h) = -37*h**3 + h**2 + 2*h - 1. What is g(2)?
-289
Let f(j) = -11*j**2 - 7*j + 247. Give f(-5).
7
Let f(w) = 7*w - 919. Determine f(102).
-205
Let d(g) = 43*g - 200. Give d(23).
789
Let d(v) = 5*v**3 + 93*v**2 - 29*v + 114. Determine d(-19).
-57
Let c(x) = -2*x**3 - x**2 + 5*x + 25. What is c(3)?
-23
Let v(k) = -3*k**2 + 55*k - 151. What is v(14)?
31
Let h(d) = -38*d**2 - 24*d + 46. Determine h(2).
-154
Let q(a) = -8018*a + 72165. What is q(9)?
3
Let q(a) = -2496*a + 7481. What is q(3)?
-7
Let z(u) = -108*u**3 - u**2 + 3*u + 1. Give z(-1).
105
Let u(m) = 148*m - 108. Give u(1).
40
Let i(y) = -25*y - 95. Determine i(-6).
55
Let g(v) = 155*v - 42630. Calculate g(275).
-5
Let t(m) = m**3 - 11*m**2 + 19*m + 33. Give t(8).
-7
Let y(n) = n**3 - 49*n**2 + 53*n - 234. Calculate y(48).
6
Let w(g) = -1170*g + 5852. Determine w(5).
2
Let o(u) = u**3 - 28*u**2 - 344*u - 101. Calculate o(-9).
-2
Let y(j) = 75*j**2 - 1096*j. Give y(15).
435
Let z(u) = -8*u**3 - 30*u**2 + 3*u + 10. Calculate z(-3).
-53
Let b(x) = 9*x + 146. Give b(9).
227
Let t(r) = 2*r**3 - 7*r**2 + 32*r - 104. Give t(4).
40
Let z(s) = -14*s**2 - 60*s - 20. Determine z(-4).
-4
Let a(z) = 5*z**3 + 3*z**2 + 2*z - 3. Calculate a(-2).
-35
Let x(l) = 2*l**2 + 33*l - 7238. What is x(-69)?
7
Let t(u) = 234*u + 2344. What is t(-10)?
4
Let z(o) = -2*o**3 + 12*o**2 + 16*o + 6. Determine z(7).
20
Let f(a) = a**3 + 53*a**2 + 6*a + 310. Calculate f(-53).
-8
Let j(g) = -g**3 + 416*g**2 - 852*g + 9926. Give j(414).
-10
Let v(r) = -r**3 + 12*r**2 + 23*r - 90. Calculate v(13).
40
Let m(c) = 132*c**3 - 6*c**2 + 7*c - 2. Determine m(1).
131
Let r(t) = -t**2 - 36*t - 235. Calculate r(-8).
-11
Let c(s) = 10*s**2 + 358*s - 758. Calculate c(2).
-2
Let m(k) = 5*k**3 + 12*k**2 - 8*k - 22. Give m(-2).
2
Let o(y) = -76*y**2 + 775*y - 50. Determine o(10).
100
Let c(j) = 319*j + 7011. Determine c(-22).
-7
Let m(a) = 23*a + 108. Calculate m(-15).
-237
Let n(h) = 7*h**2 + 45*h + 201. Give n(-5).
151
Let d(f) = -42*f**2 - 798*f + 26. Determine d(-19).
26
Let t(q) = -17*q**3 + 6*q**2 + 20*q - 1. What is t(-1)?
2
Let s(g) = -204*g - 46. Give s(2).
-454
Let h(z) = -2*z**3 - 66*z**2 - 325*z - 52. What is h(-27)?
-25
Let t(w) = -3*w**2 - 408*w - 2700. Calculate t(-129).
9
Let a(g) = -g**3 + 7*g**2 - 8*g + 227. Determine a(9).
-7
Let o(l) = -275*l - 521. Give o(-2).
29
Let s(b) = -b**2 + 27*b - 503. Calculate s(14).
-321
Let g(t) = -33*t + 559. Give g(17).
-2
Let c(b) = 48*b**2 + 9*b - 31. Calculate c(3).
428
Let w(l) = -11*l - 25. Determine w(12).
-157
Let u(p) = -36*p - 453. What is u(-12)?
-21
Let n(i) = i**3 - 29*i**2 - 67*i + 238. What is n(31)?
83
Let f(x) = 6092*x + 18268. Determine f(-3).
-8
Let n(t) = 297*t + 5016. Determine n(-17).
-33
Let b(f) = -4*f**2 - 14*f - 35. Give b(-5).
-65
Let b(h) = h**3 + 2*h**2 - h + 4. Give b(0).
4
Let h(x) = -3*x**3 + 26*x**2 + 15*x + 7. Calculate h(9).
61
Let l(q) = -q**3 - 91*q**2 + 186*q + 8. Give l(-93).
8
Let k(r) = -22*r - 1623. What is k(-85)?
247
Let w(x) = -39*x + 2. Calculate w(3).
-115
Let d(q) = 49*q + 1223. Determine d(-12).
635
Let o(v) = 2*v**3 - 22*v**2 + 36*v - 7. Determine o(9).
-7
Let b(d) = d**2 - 3*d - 58. Give b(-14).
180
Let y(j) = j**2 - 11*j - 7. What is y(3)?
-31
Let q(j) = -46*j - 29. Calculate q(-4).
155
Let b(p) = -18*p**3 + 13*p**2 - 18*p + 5. Give b(1).
-18
Let x(f) = 12*f + 444. What is x(-11)?
312
Let z(o) = o**3 - 6*o**2 - 75*o + 74. Calculate z(10).
-276
Let j(s) = 2*s**2 - 37*s - 380. What is j(-7)?
-23
Let w(p) = -279*p - 1194. What is w(-4)?
-78
Let f(q) = 2*q**3 + 101*q**2 + 57*q + 14. Calculate f(-50).
-336
Let y(l) = -30*l + 1200. Calculate y(38).
60
Let u(i) = -i**3 - 27*i**2 - 181*i - 52. Determine u(-11).
3
Let x(z) = -z**2 + 44*z + 1122. Calculate x(-18).
6
Let u(m) = 2736*m + 19152. Give u(-7).
0
Let i(v) = 3*v**2 + 7*v + 236. What is i(0)?
236
Let n(d) = -4*d**3 + 538*d**2 + 274*d - 522. Determine n(135).
18
Let a(p) = 606*p - 77579. Give a(128).
-11
Let b(y) = -5*y + 23. Calculate b(1).
18
Let s(w) = 4*w**3 - 40*w**2 + 5*w + 73. Give s(10).
123
Let r(n) = -101*n + 1924. Determine r(19).
5
Let y(a) = -27*a - 95. Give y(-3).
-14
Let b(v) = -2*v**2 + 250*v - 731. What is b(122)?
1
Let s(g) = -g**2 - 71*g + 390. Determine s(5).
10
Let x(p) = 154*p + 4659. Calculate x(-30).
39
Let o(d) = d**3 + 2*d**2 + 2*d - 12. Determine o(0).
-12
Let s(l) = l**3 + 13*l**2 + 7*l - 36. Calculate s(-11).
129
Let r(p) = 8*p + 10. Give r(-3).
-14
Let i(p) = 5*p**2 + 34*p + 77. Calculate i(0).
77
Let s(f) = 85*f - 754. What is s(9)?
11
Let g(f) = -374*f - 1920. Give g(-5).
-50
Let h(t) = -2*t**3 - 111*t**2 - 671*t + 47. Determine h(-7).
-9
Let r(a) = a**3 + 20*a**2 + 12*a - 136. Calculate r(-19).
-3
Let l(x) = -2*x**3 - 59*x**2 - 26*x + 84. What is l(-29)?
-3
Let w(h) = -4*h**2 - 248*h - 2068. Calculate w(-10).
12
Let q(g) = -g**3 + 9*g**2 + 61*g - 530. Calculate q(9).
19
Let g(t) = 2*t + 69. Calculate g(3).
75
Let c(q) = -446*q - 1791. What is c(-4)?
-7
Let c(j) = -2799*j + 19578. Calculate c(7).
-15
Let c(o) = 314*o - 2851. Give c(9).
-25
Let k(z) = 11*z**2 + 69*z - 53. Give k(-9).
217
Let t(y) = 2*y**3 + y**2 - 41*y + 75. Calculate t(2).
13
Let x(d) = 471*d - 2844. Determine x(6).
-18
Let k(j) = j**2 - 33*j - 425. Calculate k(43).
5
Let m(u) = -u**3 + 12*u**2 - 2*u - 22. Determine m(6).
182
Let x(p) = 84*p - 1175. What is x(14)?
1
Let y(l) = -3*l**3 + 27*l**2 - 18*l - 18. Determine y(6).
198
Let r(l) = l**3 + 2*l**2 - 32*l + 44. Determine r(2).
-4
Let a(d) = -329*d + 1364. Calculate a(4).
48
Let t(a) = 2*a**3 - 20*a**2 + 7*a - 60. What is t(10)?
10
Let x(u) = -u**2 - 136*u - 101. Give x(0).
-101
Let l(q) = -2*q**2 - 553*q - 23. Determine l(0).
-23
Let n(j) = 26*j - 341. Give n(-12).
-653
Let j(f) = 13*f**2 + 31*f + 41. Calculate j(-4).
125
Let c(t) = t**3 + 41*t**2 + 147*t - 84. Calculate c(-37).
-47
Let z(m) = -m**3 - 3*m**2 + 11*m + 17. Give z(-5).
12
Let f(y) = y**3 - 43*y**2 - 173*y + 7453. What is f(43)?
14
Let w(c) = c**2 + 18*c - 127. Give w(-20).
-87
Let v(f) = -41*f - 3610. Give v(-84).
-166
Let y(d) = -19*d**2 - 217*d - 50. Determine y(-11).
38
Let x(i) = i - 162. Determine x(-24).
-186
Let x(w) = -21*w - 76. What is x(-8)?
92
Let z(r) = 6*r - 152. Calculate z(20).
-32
Let o(n) = 360*n - 650. Give o(2).
70
Let c(o) = 3*o**2 - 519*o + 2025. Give c(4).
-3
Let l(m) = -m**2 + 90*m - 512. Calculate l(84).
-8
Let u(t) = t**3 - 14*t**2 + 6*t - 14. Determine u(13).
-105
Let f(y) = 121*y + 1007. Give f(-8).
39
Let m(b) = -290*b + 1169. Calculate m(4).
9
Let k(r) = r**2 + 18*r - 41. Calculate k(0).
-41
Let f(a) = 3*a**2 - 812*a + 3981. Determine f(5).
-4
Let n(a) = -a**2 - 139*a + 917. Determine n(6).
47
Let x(n) = 798*n - 6385. Give x(8).
-1
Let i(o) = -2*o**2 + 57*o + 3871. Calculate i(-32).
-1
Let o(w) = -74*w - 5480. Calculate o(-73).
-78
Let c(m) = -20*m**2 + 158*m - 70. Calculate c(8).
-86
Let l(c) = c**3 + 7*c**2 - 10*c - 21. Calculate l(-8).
-5
Let h(o) = -3*o**3 + o**2 + 3*o + 88. Determine h(0).
88
Let d(k) = -k**3 + 61*k**2 - 246*k + 1033. What is d(57)?
7
Let w(p) = -p**2 - 12*p + 5. Calculate w(7).
-128
Let t(x) = -386*x + 1144. Determine t(3).
-14
Let f(q) = -42*q - 1722. Calculate f(-41).
0
Let f(s) = s**3 + 28*s**2 + 41*s + 391. Give f(-27).
13
Let r(l) = -4373*l - 30624. Give r(-7).
-13
Let u(g) = g**3 + 17*g**2 + 86*g + 104. What is u(-7)?
-8
Let o(d) = d**3 - 4*d**2 + 4*d + 10. Determine o(5).
55
Let f(c) = c**2 + 143*c - 4914. Give f(-172).
74
Let n(p) = -p**2 + 364*p - 4947. Determine n(14).
-47
Let y(t) = 7*t - 142. What is y(2)?
-128
Let s(g) = -g**3 - 19*g**2 - 13*g + 83. What is s(-18)?
-7
Let j(z) = 19*z**2 - 15*z - 24. What is j(-1)?
10
Let r(g) = -g**3 + 36*g**2 + 38*g - 33. What is r(37)?
4
Let a(l) = l**3 + 29*l**2 + 32*l + 251. Determine a(-28).
139
Let w(n) = -n**3 + 15*n**2 - 38*n + 17. Calculate w(12).
-7
Let i(w) = -w**2 + 9*w + 24483. What is i(-152)?
11
Let q(h) = -349*h - 6977. Give q(-20).
3
Let d(y) = -8524*y + 110813. What is d(13)?
1
Let x(o) = 2*o**3 - 38*o**2 - 37*o + 23. Determine x(20).
83
Let i(j) = j**3 - 9*j**2 - 74*j - 76. Determ